{"id":747,"date":"2024-10-10T15:54:06","date_gmt":"2024-10-10T13:54:06","guid":{"rendered":"https:\/\/leconfitdascain.fr\/?post_type=product&#038;p=747"},"modified":"2026-04-22T09:48:19","modified_gmt":"2026-04-22T07:48:19","slug":"foie-gras-de-canard-entier-piment-despelette-180g","status":"publish","type":"product","link":"https:\/\/leconfitdascain.fr\/?product=foie-gras-de-canard-entier-piment-despelette-180g","title":{"rendered":"Foie gras de canard entier, Piment d&rsquo;Espelette 180g"},"content":{"rendered":"<p>Ingr\u00e9dients : Foie gras de canard, sel, piment d&rsquo;Espelette, poivre.<\/p>\n<p>Bocal 180g soit\u00a0 140\u20ac\/kg.<\/p>\n<p>M\u00e9daille d&rsquo;argent au Concours G\u00e9n\u00e9ral Agricole 2022<\/p>\n<table border=\"0\" cellspacing=\"0\">\n<colgroup width=\"323\"><\/colgroup>\n<tbody>\n<tr>\n<td align=\"center\" valign=\"middle\" height=\"71\">Energie 526kcal\/ 2170kJ,<br \/>\nMati\u00e8res grasses 54,6g, Dont acides gras satur\u00e9s 23g, Glucides 2g, Dont sucres 0.03g, Prot\u00e9ines 8.41g, Sel 1.11g<\/td>\n<\/tr>\n<\/tbody>\n<\/table>\n","protected":false},"excerpt":{"rendered":"<p>Ingr\u00e9dients : Foie gras de canard, sel, piment d&rsquo;Espelette, poivre. Bocal 180g soit\u00a0 140\u20ac\/kg. M\u00e9daille d&rsquo;argent au Concours G\u00e9n\u00e9ral Agricole 2022 Energie 526kcal\/ 2170kJ, Mati\u00e8res grasses 54,6g, Dont acides gras satur\u00e9s 23g, Glucides 2g, Dont sucres 0.03g, Prot\u00e9ines 8.41g, Sel 1.11g<\/p>\n","protected":false},"featured_media":558,"template":"","meta":[],"product_brand":[],"product_cat":[17,35],"product_tag":[],"class_list":{"0":"post-747","1":"product","2":"type-product","3":"status-publish","4":"has-post-thumbnail","6":"product_cat-foie-gras","7":"product_cat-foie-gras-longue-conservation","9":"first","10":"instock","11":"taxable","12":"shipping-taxable","13":"purchasable","14":"product-type-simple"},"jetpack_sharing_enabled":true,"_links":{"self":[{"href":"https:\/\/leconfitdascain.fr\/index.php?rest_route=\/wp\/v2\/product\/747","targetHints":{"allow":["GET"]}}],"collection":[{"href":"https:\/\/leconfitdascain.fr\/index.php?rest_route=\/wp\/v2\/product"}],"about":[{"href":"https:\/\/leconfitdascain.fr\/index.php?rest_route=\/wp\/v2\/types\/product"}],"wp:featuredmedia":[{"embeddable":true,"href":"https:\/\/leconfitdascain.fr\/index.php?rest_route=\/wp\/v2\/media\/558"}],"wp:attachment":[{"href":"https:\/\/leconfitdascain.fr\/index.php?rest_route=%2Fwp%2Fv2%2Fmedia&parent=747"}],"wp:term":[{"taxonomy":"product_brand","embeddable":true,"href":"https:\/\/leconfitdascain.fr\/index.php?rest_route=%2Fwp%2Fv2%2Fproduct_brand&post=747"},{"taxonomy":"product_cat","embeddable":true,"href":"https:\/\/leconfitdascain.fr\/index.php?rest_route=%2Fwp%2Fv2%2Fproduct_cat&post=747"},{"taxonomy":"product_tag","embeddable":true,"href":"https:\/\/leconfitdascain.fr\/index.php?rest_route=%2Fwp%2Fv2%2Fproduct_tag&post=747"}],"curies":[{"name":"wp","href":"https:\/\/api.w.org\/{rel}","templated":true}]}}