{"id":393,"date":"2024-08-19T16:53:00","date_gmt":"2024-08-19T14:53:00","guid":{"rendered":"http:\/\/leconfitdascain.fr\/?post_type=product&#038;p=393"},"modified":"2026-04-03T15:13:00","modified_gmt":"2026-04-03T13:13:00","slug":"le-confit-doignons-au-piment-despelette","status":"publish","type":"product","link":"https:\/\/leconfitdascain.fr\/?product=le-confit-doignons-au-piment-despelette","title":{"rendered":"Le confit d&rsquo;oignons au Piment d&rsquo;Espelette"},"content":{"rendered":"<p>Pot de 120g, 50.00\u20ac le kg<\/p>\n<p>Ingr\u00e9dients : oignons, sucre, pectine, piment d&rsquo;Espelette AOP<\/p>\n<p>Sp\u00e9cialit\u00e9 pr\u00e9par\u00e9e avec des oignons et du piment d&rsquo;Espelette cuits dans un chaudron en cuivre<br \/>\nId\u00e9al pour vos foies gras, fromages et tapas !<\/p>\n<table border=\"0\" cellspacing=\"0\">\n<colgroup width=\"323\"><\/colgroup>\n<tbody>\n<tr>\n<td align=\"center\" valign=\"middle\" height=\"71\">\n<p style=\"text-align: center;\">Energie : 1014kJ\/252kcal &#8211;<\/p>\n<p style=\"text-align: center;\">Mati\u00e8res grasses : 0.5g dont acides satur\u00e9s 0.1g &#8211; Glucides : 61g dont sucres 60g &#8211; Prot\u00e9ines : 0.5g &#8211; Sel : 0.05g<\/p>\n<\/td>\n<\/tr>\n<\/tbody>\n<\/table>\n","protected":false},"excerpt":{"rendered":"<p>Pot de 120g, 50.00\u20ac le kg Ingr\u00e9dients : oignons, sucre, pectine, piment d&rsquo;Espelette AOP Sp\u00e9cialit\u00e9 pr\u00e9par\u00e9e avec des oignons et du piment d&rsquo;Espelette cuits dans un chaudron en cuivre Id\u00e9al pour vos foies gras, fromages et tapas ! Energie : 1014kJ\/252kcal &#8211; Mati\u00e8res grasses : 0.5g dont acides satur\u00e9s 0.1g &#8211; Glucides : 61g dont [&hellip;]<\/p>\n","protected":false},"featured_media":394,"template":"","meta":[],"product_brand":[],"product_cat":[26],"product_tag":[],"class_list":{"0":"post-393","1":"product","2":"type-product","3":"status-publish","4":"has-post-thumbnail","6":"product_cat-epicerie-fine","8":"first","9":"instock","10":"taxable","11":"shipping-taxable","12":"purchasable","13":"product-type-simple"},"jetpack_sharing_enabled":true,"_links":{"self":[{"href":"https:\/\/leconfitdascain.fr\/index.php?rest_route=\/wp\/v2\/product\/393","targetHints":{"allow":["GET"]}}],"collection":[{"href":"https:\/\/leconfitdascain.fr\/index.php?rest_route=\/wp\/v2\/product"}],"about":[{"href":"https:\/\/leconfitdascain.fr\/index.php?rest_route=\/wp\/v2\/types\/product"}],"wp:featuredmedia":[{"embeddable":true,"href":"https:\/\/leconfitdascain.fr\/index.php?rest_route=\/wp\/v2\/media\/394"}],"wp:attachment":[{"href":"https:\/\/leconfitdascain.fr\/index.php?rest_route=%2Fwp%2Fv2%2Fmedia&parent=393"}],"wp:term":[{"taxonomy":"product_brand","embeddable":true,"href":"https:\/\/leconfitdascain.fr\/index.php?rest_route=%2Fwp%2Fv2%2Fproduct_brand&post=393"},{"taxonomy":"product_cat","embeddable":true,"href":"https:\/\/leconfitdascain.fr\/index.php?rest_route=%2Fwp%2Fv2%2Fproduct_cat&post=393"},{"taxonomy":"product_tag","embeddable":true,"href":"https:\/\/leconfitdascain.fr\/index.php?rest_route=%2Fwp%2Fv2%2Fproduct_tag&post=393"}],"curies":[{"name":"wp","href":"https:\/\/api.w.org\/{rel}","templated":true}]}}