{"id":353,"date":"2024-08-19T16:11:49","date_gmt":"2024-08-19T14:11:49","guid":{"rendered":"http:\/\/leconfitdascain.fr\/?post_type=product&#038;p=353"},"modified":"2025-07-17T15:24:44","modified_gmt":"2025-07-17T13:24:44","slug":"domaine-mourguy-blanc-75cl","status":"publish","type":"product","link":"https:\/\/leconfitdascain.fr\/?product=domaine-mourguy-blanc-75cl","title":{"rendered":"Domaine Mourguy Blanc 75cl"},"content":{"rendered":"<p>Bouteille de 75 cl 20.90\u20ac soit 27.87\u20ac le litre<\/p>\n<p>Ce vin blanc sec et ar\u00f4matique est un assemblage de gros manseng, petit manseng, petit courbu et gros courbu.<\/p>\n<p>Structure en finesse et douceur. Il est id\u00e9al en ap\u00e9ritif et \u00e0 table avec des viandes blanches et des poissons grill\u00e9s et cuisin\u00e9s.<\/p>\n<p>Se garde 4\/5 ans.<\/p>\n<div class=\"fusion-text fusion-text-2\">\n<h3 class=\"p1 fusion-responsive-typography-calculated\" data-fontsize=\"26\" data-lineheight=\"40.56px\"><span class=\"s1\">Le Domaine Mourguy :\u00a0<\/span><\/h3>\n<\/div>\n<div class=\"fusion-text fusion-text-3\">\n<p>Nous sommes vignerons ind\u00e9pendants, fr\u00e8res et soeur, sur la propri\u00e9t\u00e9 familiale, depuis plusieurs g\u00e9n\u00e9rations.<br \/>\nNous cultivons notre vigne en terrasses, accroch\u00e9e aux pentes abruptes de la montagne Arradoy \u00e0 Ispoure, sur les hauteurs de Saint Jean Pied de Port. Notre mode de culture demande beaucoup de travail manuel, m\u00e9thode en totale harmonie avec notre soucis de la protection de notre environnement afin de pr\u00e9server notre biodiversit\u00e9. Nous n\u2019utilisons pas de d\u00e9sherbants, ni d\u2019insecticides.<\/p>\n<\/div>\n","protected":false},"excerpt":{"rendered":"<p>Bouteille de 75 cl 20.90\u20ac soit 27.87\u20ac le litre Ce vin blanc sec et ar\u00f4matique est un assemblage de gros manseng, petit manseng, petit courbu et gros courbu. Structure en finesse et douceur. Il est id\u00e9al en ap\u00e9ritif et \u00e0 table avec des viandes blanches et des poissons grill\u00e9s et cuisin\u00e9s. Se garde 4\/5 ans. [&hellip;]<\/p>\n","protected":false},"featured_media":354,"template":"","meta":[],"product_brand":[],"product_cat":[26,27],"product_tag":[],"class_list":{"0":"post-353","1":"product","2":"type-product","3":"status-publish","4":"has-post-thumbnail","6":"product_cat-epicerie-fine","7":"product_cat-vins-et-boissons","9":"first","10":"instock","11":"taxable","12":"shipping-taxable","13":"purchasable","14":"product-type-simple"},"jetpack_sharing_enabled":true,"_links":{"self":[{"href":"https:\/\/leconfitdascain.fr\/index.php?rest_route=\/wp\/v2\/product\/353","targetHints":{"allow":["GET"]}}],"collection":[{"href":"https:\/\/leconfitdascain.fr\/index.php?rest_route=\/wp\/v2\/product"}],"about":[{"href":"https:\/\/leconfitdascain.fr\/index.php?rest_route=\/wp\/v2\/types\/product"}],"wp:featuredmedia":[{"embeddable":true,"href":"https:\/\/leconfitdascain.fr\/index.php?rest_route=\/wp\/v2\/media\/354"}],"wp:attachment":[{"href":"https:\/\/leconfitdascain.fr\/index.php?rest_route=%2Fwp%2Fv2%2Fmedia&parent=353"}],"wp:term":[{"taxonomy":"product_brand","embeddable":true,"href":"https:\/\/leconfitdascain.fr\/index.php?rest_route=%2Fwp%2Fv2%2Fproduct_brand&post=353"},{"taxonomy":"product_cat","embeddable":true,"href":"https:\/\/leconfitdascain.fr\/index.php?rest_route=%2Fwp%2Fv2%2Fproduct_cat&post=353"},{"taxonomy":"product_tag","embeddable":true,"href":"https:\/\/leconfitdascain.fr\/index.php?rest_route=%2Fwp%2Fv2%2Fproduct_tag&post=353"}],"curies":[{"name":"wp","href":"https:\/\/api.w.org\/{rel}","templated":true}]}}