{"id":330,"date":"2024-08-19T14:58:34","date_gmt":"2024-08-19T12:58:34","guid":{"rendered":"http:\/\/leconfitdascain.fr\/?post_type=product&#038;p=330"},"modified":"2026-04-03T21:12:26","modified_gmt":"2026-04-03T19:12:26","slug":"haricots-cuisines-2-parts","status":"publish","type":"product","link":"https:\/\/leconfitdascain.fr\/?product=haricots-cuisines-2-parts","title":{"rendered":"Haricots cuisin\u00e9s 2 parts"},"content":{"rendered":"<p>Bocal de 780g, 8.84\u20ac le kg<br \/>\nIngr\u00e9dients :<br \/>\nharicots lingots, tomates, aromates, jus cuisin\u00e9, sel, \u00e9pices<\/p>\n<p><strong>Conseils de pr\u00e9paration :<\/strong><br \/>\nR\u00e9chauffez dans un plat allant au four 15 \u00e0 20 min \u00e0 140\u00b0c.<\/p>\n<table border=\"0\" cellspacing=\"0\">\n<colgroup width=\"323\"><\/colgroup>\n<tbody>\n<tr>\n<td align=\"center\" valign=\"middle\" height=\"71\">\n<p style=\"text-align: center;\">Energie 90kcal\/ 380kJ,<\/p>\n<p style=\"text-align: center;\">Mati\u00e8res grasses 4,2g, Dont acides gras satur\u00e9s 1,3g, Glucides 13g, Dont sucres 0,9g, Prot\u00e9ines 3,8g, Sel 0,76g<\/p>\n<\/td>\n<\/tr>\n<\/tbody>\n<\/table>\n","protected":false},"excerpt":{"rendered":"<p>Bocal de 780g, 8.84\u20ac le kg Ingr\u00e9dients : haricots lingots, tomates, aromates, jus cuisin\u00e9, sel, \u00e9pices Conseils de pr\u00e9paration : R\u00e9chauffez dans un plat allant au four 15 \u00e0 20 min \u00e0 140\u00b0c. Energie 90kcal\/ 380kJ, Mati\u00e8res grasses 4,2g, Dont acides gras satur\u00e9s 1,3g, Glucides 13g, Dont sucres 0,9g, Prot\u00e9ines 3,8g, Sel 0,76g<\/p>\n","protected":false},"featured_media":331,"template":"","meta":[],"product_brand":[],"product_cat":[25],"product_tag":[],"class_list":{"0":"post-330","1":"product","2":"type-product","3":"status-publish","4":"has-post-thumbnail","6":"product_cat-plats-cuisines","8":"first","9":"instock","10":"taxable","11":"shipping-taxable","12":"purchasable","13":"product-type-simple"},"jetpack_sharing_enabled":true,"_links":{"self":[{"href":"https:\/\/leconfitdascain.fr\/index.php?rest_route=\/wp\/v2\/product\/330","targetHints":{"allow":["GET"]}}],"collection":[{"href":"https:\/\/leconfitdascain.fr\/index.php?rest_route=\/wp\/v2\/product"}],"about":[{"href":"https:\/\/leconfitdascain.fr\/index.php?rest_route=\/wp\/v2\/types\/product"}],"wp:featuredmedia":[{"embeddable":true,"href":"https:\/\/leconfitdascain.fr\/index.php?rest_route=\/wp\/v2\/media\/331"}],"wp:attachment":[{"href":"https:\/\/leconfitdascain.fr\/index.php?rest_route=%2Fwp%2Fv2%2Fmedia&parent=330"}],"wp:term":[{"taxonomy":"product_brand","embeddable":true,"href":"https:\/\/leconfitdascain.fr\/index.php?rest_route=%2Fwp%2Fv2%2Fproduct_brand&post=330"},{"taxonomy":"product_cat","embeddable":true,"href":"https:\/\/leconfitdascain.fr\/index.php?rest_route=%2Fwp%2Fv2%2Fproduct_cat&post=330"},{"taxonomy":"product_tag","embeddable":true,"href":"https:\/\/leconfitdascain.fr\/index.php?rest_route=%2Fwp%2Fv2%2Fproduct_tag&post=330"}],"curies":[{"name":"wp","href":"https:\/\/api.w.org\/{rel}","templated":true}]}}