{"id":311,"date":"2024-08-19T14:36:21","date_gmt":"2024-08-19T12:36:21","guid":{"rendered":"http:\/\/leconfitdascain.fr\/?post_type=product&#038;p=311"},"modified":"2025-12-12T19:49:50","modified_gmt":"2025-12-12T18:49:50","slug":"chipirons-a-lamericaine","status":"publish","type":"product","link":"https:\/\/leconfitdascain.fr\/?product=chipirons-a-lamericaine","title":{"rendered":"Chipirons \u00e0 l&rsquo;am\u00e9ricaine"},"content":{"rendered":"<p>Bocal de 390g soit 1 \u00e0 2 parts, 40.77\u20ac le kg<\/p>\n<p>Ingr\u00e9dients :\u00a0Chipirons (petits encornets), oignons, tomates, huile d&rsquo;olive, sel, poivre, vin blanc, Armagnac<\/p>\n<div><strong>Conseil de pr\u00e9paration :<\/strong><\/div>\n<div>R\u00e9chauffez dans un casserole \u00e0 feu doux ou au four dans un plat en terre.<\/div>\n<div>Servir avec du riz, des p\u00e2tes ou des pommes de terre vapeur.<\/div>\n<div>Ils seront tout autant appr\u00e9cier \u00e0 l&rsquo;ap\u00e9ritif.<\/p>\n<\/div>\n<table border=\"0\" cellspacing=\"0\">\n<colgroup width=\"323\"><\/colgroup>\n<tbody>\n<tr>\n<td align=\"center\" valign=\"middle\" height=\"71\">\n<p style=\"text-align: center;\">Energie 155kcal\/ 645kJ,<\/p>\n<p style=\"text-align: center;\">Mati\u00e8res grasses 10g, Dont acides gras satur\u00e9s 1,1g, Glucides 4g, Dont sucres 1,5g, Prot\u00e9ines 11,7g, Sel 1,3g<\/p>\n<\/td>\n<\/tr>\n<\/tbody>\n<\/table>\n","protected":false},"excerpt":{"rendered":"<p>Bocal de 390g soit 1 \u00e0 2 parts, 40.77\u20ac le kg Ingr\u00e9dients :\u00a0Chipirons (petits encornets), oignons, tomates, huile d&rsquo;olive, sel, poivre, vin blanc, Armagnac Conseil de pr\u00e9paration : R\u00e9chauffez dans un casserole \u00e0 feu doux ou au four dans un plat en terre. Servir avec du riz, des p\u00e2tes ou des pommes de terre vapeur. [&hellip;]<\/p>\n","protected":false},"featured_media":312,"template":"","meta":[],"product_brand":[],"product_cat":[25],"product_tag":[],"class_list":{"0":"post-311","1":"product","2":"type-product","3":"status-publish","4":"has-post-thumbnail","6":"product_cat-plats-cuisines","8":"first","9":"instock","10":"taxable","11":"shipping-taxable","12":"purchasable","13":"product-type-simple"},"jetpack_sharing_enabled":true,"_links":{"self":[{"href":"https:\/\/leconfitdascain.fr\/index.php?rest_route=\/wp\/v2\/product\/311","targetHints":{"allow":["GET"]}}],"collection":[{"href":"https:\/\/leconfitdascain.fr\/index.php?rest_route=\/wp\/v2\/product"}],"about":[{"href":"https:\/\/leconfitdascain.fr\/index.php?rest_route=\/wp\/v2\/types\/product"}],"wp:featuredmedia":[{"embeddable":true,"href":"https:\/\/leconfitdascain.fr\/index.php?rest_route=\/wp\/v2\/media\/312"}],"wp:attachment":[{"href":"https:\/\/leconfitdascain.fr\/index.php?rest_route=%2Fwp%2Fv2%2Fmedia&parent=311"}],"wp:term":[{"taxonomy":"product_brand","embeddable":true,"href":"https:\/\/leconfitdascain.fr\/index.php?rest_route=%2Fwp%2Fv2%2Fproduct_brand&post=311"},{"taxonomy":"product_cat","embeddable":true,"href":"https:\/\/leconfitdascain.fr\/index.php?rest_route=%2Fwp%2Fv2%2Fproduct_cat&post=311"},{"taxonomy":"product_tag","embeddable":true,"href":"https:\/\/leconfitdascain.fr\/index.php?rest_route=%2Fwp%2Fv2%2Fproduct_tag&post=311"}],"curies":[{"name":"wp","href":"https:\/\/api.w.org\/{rel}","templated":true}]}}