{"id":297,"date":"2024-08-19T14:21:24","date_gmt":"2024-08-19T12:21:24","guid":{"rendered":"http:\/\/leconfitdascain.fr\/?post_type=product&#038;p=297"},"modified":"2026-03-04T20:49:59","modified_gmt":"2026-03-04T19:49:59","slug":"axoa-de-veau-1-a-2-parts","status":"publish","type":"product","link":"https:\/\/leconfitdascain.fr\/?product=axoa-de-veau-1-a-2-parts","title":{"rendered":"Axoa de veau 1 \u00e0 2 parts"},"content":{"rendered":"<p>Bocal 390g soit 27.95\u20ac le kg<\/p>\n<p>Ingr\u00e9dients:\u00a0Epaule de veau \u00e9minc\u00e9e, oignons, poivrons, vin blanc, tomates, piment d&rsquo;Espelette, sel, poivre<\/p>\n<p>Plat de casse-cro\u00fbte \u00e0 l&rsquo;origine, embl\u00e9matique\u00a0des foires au chevaux o\u00f9 \u00e9leveurs, maquignons et clients partageaient le axoa sur le coup des dix heures \u00e0 l&rsquo;auberge du village. Il est devenu incontournable du repas basque traditionnel.<\/p>\n<p><strong>Conseils de pr\u00e9paration :<\/strong><br \/>\nR\u00e9chauffez \u00e0 la casserole ou au four dans un plat en terre.<br \/>\nServir avec des pommes de terre vapeur ou du riz.<\/p>\n<table border=\"0\" cellspacing=\"0\">\n<colgroup width=\"323\"><\/colgroup>\n<tbody>\n<tr>\n<td align=\"center\" valign=\"middle\" height=\"71\">\n<p style=\"text-align: center;\">Energie 232,81 Kcal \/ 964,69 Kj,<\/p>\n<p style=\"text-align: center;\">Mati\u00e8res grasses 19,35g, dont acides gras satur\u00e9s 6,44g, Glucides 1,98g, dont sucres 1,30g, Prot\u00e9ines 12,85g, Sel 1,01g<\/p>\n<\/td>\n<\/tr>\n<\/tbody>\n<\/table>\n","protected":false},"excerpt":{"rendered":"<p>Bocal 390g soit 27.95\u20ac le kg Ingr\u00e9dients:\u00a0Epaule de veau \u00e9minc\u00e9e, oignons, poivrons, vin blanc, tomates, piment d&rsquo;Espelette, sel, poivre Plat de casse-cro\u00fbte \u00e0 l&rsquo;origine, embl\u00e9matique\u00a0des foires au chevaux o\u00f9 \u00e9leveurs, maquignons et clients partageaient le axoa sur le coup des dix heures \u00e0 l&rsquo;auberge du village. Il est devenu incontournable du repas basque traditionnel. Conseils [&hellip;]<\/p>\n","protected":false},"featured_media":298,"template":"","meta":[],"product_brand":[],"product_cat":[25],"product_tag":[],"class_list":{"0":"post-297","1":"product","2":"type-product","3":"status-publish","4":"has-post-thumbnail","6":"product_cat-plats-cuisines","8":"first","9":"instock","10":"taxable","11":"shipping-taxable","12":"purchasable","13":"product-type-simple"},"jetpack_sharing_enabled":true,"_links":{"self":[{"href":"https:\/\/leconfitdascain.fr\/index.php?rest_route=\/wp\/v2\/product\/297","targetHints":{"allow":["GET"]}}],"collection":[{"href":"https:\/\/leconfitdascain.fr\/index.php?rest_route=\/wp\/v2\/product"}],"about":[{"href":"https:\/\/leconfitdascain.fr\/index.php?rest_route=\/wp\/v2\/types\/product"}],"wp:featuredmedia":[{"embeddable":true,"href":"https:\/\/leconfitdascain.fr\/index.php?rest_route=\/wp\/v2\/media\/298"}],"wp:attachment":[{"href":"https:\/\/leconfitdascain.fr\/index.php?rest_route=%2Fwp%2Fv2%2Fmedia&parent=297"}],"wp:term":[{"taxonomy":"product_brand","embeddable":true,"href":"https:\/\/leconfitdascain.fr\/index.php?rest_route=%2Fwp%2Fv2%2Fproduct_brand&post=297"},{"taxonomy":"product_cat","embeddable":true,"href":"https:\/\/leconfitdascain.fr\/index.php?rest_route=%2Fwp%2Fv2%2Fproduct_cat&post=297"},{"taxonomy":"product_tag","embeddable":true,"href":"https:\/\/leconfitdascain.fr\/index.php?rest_route=%2Fwp%2Fv2%2Fproduct_tag&post=297"}],"curies":[{"name":"wp","href":"https:\/\/api.w.org\/{rel}","templated":true}]}}