{"id":191,"date":"2024-08-19T09:54:07","date_gmt":"2024-08-19T07:54:07","guid":{"rendered":"http:\/\/leconfitdascain.fr\/?post_type=product&#038;p=191"},"modified":"2026-04-18T11:16:25","modified_gmt":"2026-04-18T09:16:25","slug":"gesiers-de-canard-cinq-parts","status":"publish","type":"product","link":"https:\/\/leconfitdascain.fr\/?product=gesiers-de-canard-cinq-parts","title":{"rendered":"G\u00e9siers de canard confits, 5 parts"},"content":{"rendered":"<p style=\"text-align: left;\">Bo\u00eete de 350g, 24.29\u20ac le kg<\/p>\n<p>Ingr\u00e9dients :<br \/>\ng\u00e9siers de canard, graisse de canard, sel<\/p>\n<p><strong>Conseils de pr\u00e9paration :<\/strong><br \/>\nRendez vos salades gourmandes avec nos g\u00e9siers confits \u00e0 la graisse de canard.<br \/>\nRetirez l&rsquo;exc\u00e9dent de graisse et d\u00e9poser les g\u00e9siers dans une po\u00eale. R\u00e9chauffez \u00e0 feu doux.\u00a0 Vous pouvez \u00e9galement faire r\u00e9chauffer les g\u00e9siers au four \u00e0 180\u00b0c environ, 10 min.<br \/>\nUne fois ti\u00e8des, d\u00e9coupez les et utilisez les sur une salade, une pizza, une quiche ou encore des p\u00e2tes.<br \/>\nUtilisez la graisse pour la cuisson des l\u00e9gumes (pommes de terre, haricots verts et blancs, petits pois, carottes, c\u00e8pes&#8230;).<\/p>\n<table border=\"0\" cellspacing=\"0\">\n<colgroup width=\"323\"><\/colgroup>\n<tbody>\n<tr>\n<td style=\"text-align: center;\" align=\"center\" valign=\"middle\" height=\"73\">643kj\/152,6kcal<br \/>\nmati\u00e8re grasse 9,5g glucides 0 dont\u00a0 sucre 0, sel 1,9<\/td>\n<\/tr>\n<\/tbody>\n<\/table>\n","protected":false},"excerpt":{"rendered":"<p>Bo\u00eete de 350g, 24.29\u20ac le kg Ingr\u00e9dients : g\u00e9siers de canard, graisse de canard, sel Conseils de pr\u00e9paration : Rendez vos salades gourmandes avec nos g\u00e9siers confits \u00e0 la graisse de canard. Retirez l&rsquo;exc\u00e9dent de graisse et d\u00e9poser les g\u00e9siers dans une po\u00eale. R\u00e9chauffez \u00e0 feu doux.\u00a0 Vous pouvez \u00e9galement faire r\u00e9chauffer les g\u00e9siers au [&hellip;]<\/p>\n","protected":false},"featured_media":1184,"template":"","meta":[],"product_brand":[],"product_cat":[22],"product_tag":[],"class_list":{"0":"post-191","1":"product","2":"type-product","3":"status-publish","4":"has-post-thumbnail","6":"product_cat-confit-de-canard","8":"first","9":"instock","10":"taxable","11":"shipping-taxable","12":"purchasable","13":"product-type-simple"},"jetpack_sharing_enabled":true,"_links":{"self":[{"href":"https:\/\/leconfitdascain.fr\/index.php?rest_route=\/wp\/v2\/product\/191","targetHints":{"allow":["GET"]}}],"collection":[{"href":"https:\/\/leconfitdascain.fr\/index.php?rest_route=\/wp\/v2\/product"}],"about":[{"href":"https:\/\/leconfitdascain.fr\/index.php?rest_route=\/wp\/v2\/types\/product"}],"wp:featuredmedia":[{"embeddable":true,"href":"https:\/\/leconfitdascain.fr\/index.php?rest_route=\/wp\/v2\/media\/1184"}],"wp:attachment":[{"href":"https:\/\/leconfitdascain.fr\/index.php?rest_route=%2Fwp%2Fv2%2Fmedia&parent=191"}],"wp:term":[{"taxonomy":"product_brand","embeddable":true,"href":"https:\/\/leconfitdascain.fr\/index.php?rest_route=%2Fwp%2Fv2%2Fproduct_brand&post=191"},{"taxonomy":"product_cat","embeddable":true,"href":"https:\/\/leconfitdascain.fr\/index.php?rest_route=%2Fwp%2Fv2%2Fproduct_cat&post=191"},{"taxonomy":"product_tag","embeddable":true,"href":"https:\/\/leconfitdascain.fr\/index.php?rest_route=%2Fwp%2Fv2%2Fproduct_tag&post=191"}],"curies":[{"name":"wp","href":"https:\/\/api.w.org\/{rel}","templated":true}]}}