{"id":184,"date":"2024-08-19T09:45:18","date_gmt":"2024-08-19T07:45:18","guid":{"rendered":"http:\/\/leconfitdascain.fr\/?post_type=product&#038;p=184"},"modified":"2026-04-22T09:57:09","modified_gmt":"2026-04-22T07:57:09","slug":"confit-quatre-cuisses","status":"publish","type":"product","link":"https:\/\/leconfitdascain.fr\/?product=confit-quatre-cuisses","title":{"rendered":"Confit de canard 4 cuisses"},"content":{"rendered":"<p>Bo\u00eete 1.200 kg, net \u00e9goutt\u00e9, 19\u20ac le kg<br \/>\nIngr\u00e9dients : cuisses de canard, graisse de canard, sel<\/p>\n<p><strong>Conseils de pr\u00e9paration :\u00a0<\/strong><br \/>\nRetirez l&rsquo;exc\u00e9dent de graisse et d\u00e9poser dans un plat allant au four. R\u00e9chauffer 15 minutes \u00e0 140\u00b0c puis faire griller la peau \u00e0 180\u00b0c selon votre convenance. Utilisez la graisse pour la cuisson des l\u00e9gumes (pommes de terre haricots verts et blancs, petits pois, carottes, c\u00e8pes\u2026).<br \/>\nFaites aussi un bon parmentier en effilochant les cuisses de canard.<\/p>\n<table border=\"0\" cellspacing=\"0\">\n<colgroup width=\"323\"><\/colgroup>\n<tbody>\n<tr>\n<td align=\"center\" valign=\"middle\" height=\"104\">\n<div style=\"text-align: center;\">1458 kJ \/ 352 kcal<\/div>\n<div style=\"text-align: center;\">Mati\u00e8res grasses : 30 g dont acides satur\u00e9s 9,9 g &#8211; Glucides : &lt;0,5 g dont sucres &lt;0,5 g &#8211; Prot\u00e9ines : 22 g &#8211; Sel : 1,7 g<\/div>\n<\/td>\n<\/tr>\n<\/tbody>\n<\/table>\n","protected":false},"excerpt":{"rendered":"<p>Bo\u00eete 1.200 kg, net \u00e9goutt\u00e9, 19\u20ac le kg Ingr\u00e9dients : cuisses de canard, graisse de canard, sel Conseils de pr\u00e9paration :\u00a0 Retirez l&rsquo;exc\u00e9dent de graisse et d\u00e9poser dans un plat allant au four. R\u00e9chauffer 15 minutes \u00e0 140\u00b0c puis faire griller la peau \u00e0 180\u00b0c selon votre convenance. Utilisez la graisse pour la cuisson des [&hellip;]<\/p>\n","protected":false},"featured_media":185,"template":"","meta":[],"product_brand":[],"product_cat":[22],"product_tag":[],"class_list":{"0":"post-184","1":"product","2":"type-product","3":"status-publish","4":"has-post-thumbnail","6":"product_cat-confit-de-canard","8":"first","9":"instock","10":"taxable","11":"shipping-taxable","12":"purchasable","13":"product-type-simple"},"jetpack_sharing_enabled":true,"_links":{"self":[{"href":"https:\/\/leconfitdascain.fr\/index.php?rest_route=\/wp\/v2\/product\/184","targetHints":{"allow":["GET"]}}],"collection":[{"href":"https:\/\/leconfitdascain.fr\/index.php?rest_route=\/wp\/v2\/product"}],"about":[{"href":"https:\/\/leconfitdascain.fr\/index.php?rest_route=\/wp\/v2\/types\/product"}],"wp:featuredmedia":[{"embeddable":true,"href":"https:\/\/leconfitdascain.fr\/index.php?rest_route=\/wp\/v2\/media\/185"}],"wp:attachment":[{"href":"https:\/\/leconfitdascain.fr\/index.php?rest_route=%2Fwp%2Fv2%2Fmedia&parent=184"}],"wp:term":[{"taxonomy":"product_brand","embeddable":true,"href":"https:\/\/leconfitdascain.fr\/index.php?rest_route=%2Fwp%2Fv2%2Fproduct_brand&post=184"},{"taxonomy":"product_cat","embeddable":true,"href":"https:\/\/leconfitdascain.fr\/index.php?rest_route=%2Fwp%2Fv2%2Fproduct_cat&post=184"},{"taxonomy":"product_tag","embeddable":true,"href":"https:\/\/leconfitdascain.fr\/index.php?rest_route=%2Fwp%2Fv2%2Fproduct_tag&post=184"}],"curies":[{"name":"wp","href":"https:\/\/api.w.org\/{rel}","templated":true}]}}