{"id":1232,"date":"2025-10-21T18:11:29","date_gmt":"2025-10-21T16:11:29","guid":{"rendered":"https:\/\/leconfitdascain.fr\/?post_type=product&#038;p=1232"},"modified":"2026-03-17T12:44:53","modified_gmt":"2026-03-17T11:44:53","slug":"terrine-de-poulet-fermier-90g","status":"publish","type":"product","link":"https:\/\/leconfitdascain.fr\/?product=terrine-de-poulet-fermier-90g","title":{"rendered":"terrine de poulet fermier 90g"},"content":{"rendered":"<p>bocal de 90g soit 46.20\u20ac le kg<\/p>\n<p>ingr\u00e9dients :<\/p>\n<p>viande, abats de poulet, sel, poivre, farine de riz, OEUF<\/p>\n<p>conseils de pr\u00e9paration :<\/p>\n<p>\u00e0 d\u00e9guster en tranches sur du bon pain \u00e0 l&rsquo;ap\u00e9ritif. Peut aussi agr\u00e9menter vos salades campagnardes.<\/p>\n<p>&nbsp;<\/p>\n<p>Energie\u00a01567\u00a0kJ \u2013\u00a0379\u00a0kcal,<\/p>\n<p>Mati\u00e8res grasses 35.5\u00a0g dont acides gras satur\u00e9s\u00a013.4\u00a0g,<\/p>\n<p>Glucides\u00a01.3 g dont sucres 1\u00a0g,<\/p>\n<p>Prot\u00e9ines 13.6 g<\/p>\n<p>Sel 1.4 g<\/p>\n","protected":false},"excerpt":{"rendered":"<p>&nbsp;<\/p>\n<p>\u00e0 d\u00e9guster en tranches sur du bon pain \u00e0 l&rsquo;ap\u00e9ritif. Peut aussi agr\u00e9menter vos salades campagnardes.<\/p>\n","protected":false},"featured_media":1322,"template":"","meta":[],"product_brand":[],"product_cat":[24],"product_tag":[],"class_list":{"0":"post-1232","1":"product","2":"type-product","3":"status-publish","4":"has-post-thumbnail","6":"product_cat-entree","8":"first","9":"instock","10":"taxable","11":"shipping-taxable","12":"purchasable","13":"product-type-simple"},"jetpack_sharing_enabled":true,"_links":{"self":[{"href":"https:\/\/leconfitdascain.fr\/index.php?rest_route=\/wp\/v2\/product\/1232","targetHints":{"allow":["GET"]}}],"collection":[{"href":"https:\/\/leconfitdascain.fr\/index.php?rest_route=\/wp\/v2\/product"}],"about":[{"href":"https:\/\/leconfitdascain.fr\/index.php?rest_route=\/wp\/v2\/types\/product"}],"wp:featuredmedia":[{"embeddable":true,"href":"https:\/\/leconfitdascain.fr\/index.php?rest_route=\/wp\/v2\/media\/1322"}],"wp:attachment":[{"href":"https:\/\/leconfitdascain.fr\/index.php?rest_route=%2Fwp%2Fv2%2Fmedia&parent=1232"}],"wp:term":[{"taxonomy":"product_brand","embeddable":true,"href":"https:\/\/leconfitdascain.fr\/index.php?rest_route=%2Fwp%2Fv2%2Fproduct_brand&post=1232"},{"taxonomy":"product_cat","embeddable":true,"href":"https:\/\/leconfitdascain.fr\/index.php?rest_route=%2Fwp%2Fv2%2Fproduct_cat&post=1232"},{"taxonomy":"product_tag","embeddable":true,"href":"https:\/\/leconfitdascain.fr\/index.php?rest_route=%2Fwp%2Fv2%2Fproduct_tag&post=1232"}],"curies":[{"name":"wp","href":"https:\/\/api.w.org\/{rel}","templated":true}]}}