{"id":529,"date":"2024-08-22T14:03:55","date_gmt":"2024-08-22T12:03:55","guid":{"rendered":"http:\/\/leconfitdascain.fr\/?page_id=529"},"modified":"2024-08-22T14:10:14","modified_gmt":"2024-08-22T12:10:14","slug":"moyens-de-paiements","status":"publish","type":"page","link":"https:\/\/leconfitdascain.fr\/?page_id=529","title":{"rendered":"Moyens de paiements"},"content":{"rendered":"\n<figure class=\"wp-block-image\"><img decoding=\"async\" src=\"https:\/\/www.leconfitdascain.fr\/Files\/0\/icon-card-white-45x40.png\" alt=\"\"\/><\/figure>\n\n\n\n<p><strong>Carte bancaire<\/strong><\/p>\n\n\n\n<p>Les cartes accept\u00e9es sont les CB, Visa, MasterCard et e-Carte Bleue.<\/p>\n\n\n\n<figure class=\"wp-block-image\"><img decoding=\"async\" src=\"https:\/\/www.leconfitdascain.fr\/Files\/0\/icon-check-white-45x40.png\" alt=\"\"\/><\/figure>\n\n\n\n<p><strong>Ch\u00e8que bancaire<\/strong><\/p>\n\n\n\n<p>Vous pouvez nous envoyer un r\u00e8glement par ch\u00e8que bancaire ou postal et nous exp\u00e9dierons votre commande apr\u00e8s l&rsquo;avoir re\u00e7u.<\/p>\n\n\n\n<figure class=\"wp-block-image\"><img decoding=\"async\" src=\"https:\/\/www.leconfitdascain.fr\/Files\/0\/icon-transfert-white-45x40.png\" alt=\"\"\/><\/figure>\n\n\n\n<p><strong>Virement&nbsp;bancaire<\/strong><\/p>\n\n\n\n<p>Vous recevrez notre RIB par email imm\u00e9diatement apr\u00e8s que vous ayez pass\u00e9 votre commande sur le site en ayant choisi un paiement par virement. Puis vous effectuez le virement aupr\u00e8s de votre banque.<\/p>\n","protected":false},"excerpt":{"rendered":"<p>Carte bancaire Les cartes accept\u00e9es sont les CB, Visa, MasterCard et e-Carte Bleue. Ch\u00e8que bancaire Vous pouvez nous envoyer un r\u00e8glement par ch\u00e8que bancaire ou postal et nous exp\u00e9dierons votre commande apr\u00e8s l&rsquo;avoir re\u00e7u. Virement&nbsp;bancaire Vous recevrez notre RIB par email imm\u00e9diatement apr\u00e8s que vous ayez pass\u00e9 votre commande sur le site en ayant choisi [&hellip;]<\/p>\n","protected":false},"author":2,"featured_media":0,"parent":0,"menu_order":0,"comment_status":"closed","ping_status":"closed","template":"","meta":{"footnotes":""},"class_list":["post-529","page","type-page","status-publish","hentry"],"jetpack_sharing_enabled":true,"_links":{"self":[{"href":"https:\/\/leconfitdascain.fr\/index.php?rest_route=\/wp\/v2\/pages\/529","targetHints":{"allow":["GET"]}}],"collection":[{"href":"https:\/\/leconfitdascain.fr\/index.php?rest_route=\/wp\/v2\/pages"}],"about":[{"href":"https:\/\/leconfitdascain.fr\/index.php?rest_route=\/wp\/v2\/types\/page"}],"author":[{"embeddable":true,"href":"https:\/\/leconfitdascain.fr\/index.php?rest_route=\/wp\/v2\/users\/2"}],"replies":[{"embeddable":true,"href":"https:\/\/leconfitdascain.fr\/index.php?rest_route=%2Fwp%2Fv2%2Fcomments&post=529"}],"version-history":[{"count":2,"href":"https:\/\/leconfitdascain.fr\/index.php?rest_route=\/wp\/v2\/pages\/529\/revisions"}],"predecessor-version":[{"id":535,"href":"https:\/\/leconfitdascain.fr\/index.php?rest_route=\/wp\/v2\/pages\/529\/revisions\/535"}],"wp:attachment":[{"href":"https:\/\/leconfitdascain.fr\/index.php?rest_route=%2Fwp%2Fv2%2Fmedia&parent=529"}],"curies":[{"name":"wp","href":"https:\/\/api.w.org\/{rel}","templated":true}]}}