{"id":521,"date":"2024-08-22T13:59:49","date_gmt":"2024-08-22T11:59:49","guid":{"rendered":"http:\/\/leconfitdascain.fr\/?page_id=521"},"modified":"2024-10-04T09:58:34","modified_gmt":"2024-10-04T07:58:34","slug":"modes-de-livraisons","status":"publish","type":"page","link":"https:\/\/leconfitdascain.fr\/?page_id=521","title":{"rendered":"Modes de livraisons"},"content":{"rendered":"\n<div class=\"wp-block-columns is-layout-flex wp-container-core-columns-is-layout-28f84493 wp-block-columns-is-layout-flex\">\n<div class=\"wp-block-column is-layout-flow wp-block-column-is-layout-flow\">\n<figure class=\"wp-block-image aligncenter size-full is-resized\"><img loading=\"lazy\" decoding=\"async\" width=\"150\" height=\"150\" src=\"https:\/\/leconfitdascain.fr\/wp-content\/uploads\/2024\/08\/logo-mondial-realay.webp\" alt=\"\" class=\"wp-image-522\" style=\"width:183px;height:auto\" srcset=\"https:\/\/leconfitdascain.fr\/wp-content\/uploads\/2024\/08\/logo-mondial-realay.webp 150w, https:\/\/leconfitdascain.fr\/wp-content\/uploads\/2024\/08\/logo-mondial-realay-100x100.webp 100w\" sizes=\"auto, (max-width: 150px) 100vw, 150px\" \/><\/figure>\n<\/div>\n\n\n\n<div class=\"wp-block-column is-layout-flow wp-block-column-is-layout-flow\">\n<figure class=\"wp-block-image aligncenter size-full is-resized\"><img loading=\"lazy\" decoding=\"async\" width=\"150\" height=\"150\" src=\"https:\/\/leconfitdascain.fr\/wp-content\/uploads\/2024\/08\/logo-ups.png\" alt=\"\" class=\"wp-image-523\" style=\"width:186px;height:auto\" srcset=\"https:\/\/leconfitdascain.fr\/wp-content\/uploads\/2024\/08\/logo-ups.png 150w, https:\/\/leconfitdascain.fr\/wp-content\/uploads\/2024\/08\/logo-ups-100x100.png 100w\" sizes=\"auto, (max-width: 150px) 100vw, 150px\" \/><\/figure>\n<\/div>\n<\/div>\n\n\n\n<hr class=\"wp-block-separator has-alpha-channel-opacity\"\/>\n\n\n\n<p class=\"has-text-align-center\"><strong>Pour toute commande pass\u00e9e apr\u00e8s le 15 d\u00e9cembre 2024, la livraison ne sera pas garantie pour No\u00ebl<\/strong><\/p>\n\n\n\n<hr class=\"wp-block-separator has-alpha-channel-opacity\"\/>\n\n\n\n<p class=\"has-text-align-center\"><strong>Livraison \u00e0 domicile<\/strong><\/p>\n\n\n\n<p class=\"has-text-align-center\"><strong><em>FRANCE METROPOLITAINE UNIQUEMENT&nbsp; (pour l&rsquo;Europe, nous appeler)&nbsp;<\/em>&#8211;&nbsp;<\/strong><\/p>\n\n\n\n<p class=\"has-text-align-center\">19 \u20ac TTC<\/p>\n\n\n\n<p class=\"has-text-align-center\">7 jours ouvr\u00e9s apr\u00e8s confirmation de votre commande<\/p>\n\n\n\n<hr class=\"wp-block-separator has-alpha-channel-opacity\"\/>\n\n\n\n<p class=\"has-text-align-center\"><strong><em>FRANCE METROPOLITAINE UNIQUEMENT&nbsp;<\/em><\/strong><\/p>\n\n\n\n<p class=\"has-text-align-center\"><strong>Point relais<\/strong><\/p>\n\n\n\n<p class=\"has-text-align-center\">13 \u20ac TTC<\/p>\n\n\n\n<p class=\"has-text-align-center\">D\u00e9lais 7 jours ouvr\u00e9s apr\u00e8s confirmation de votre commande<\/p>\n\n\n\n<hr class=\"wp-block-separator has-alpha-channel-opacity\"\/>\n\n\n\n<div class=\"wp-block-jetpack-slideshow aligncenter\" data-effect=\"slide\"><div class=\"wp-block-jetpack-slideshow_container swiper-container\"><ul class=\"wp-block-jetpack-slideshow_swiper-wrapper swiper-wrapper\"><li class=\"wp-block-jetpack-slideshow_slide swiper-slide\"><figure><img loading=\"lazy\" decoding=\"async\" width=\"1024\" height=\"683\" alt=\"\" class=\"wp-block-jetpack-slideshow_image wp-image-524\" data-id=\"524\" src=\"https:\/\/leconfitdascain.fr\/wp-content\/uploads\/2024\/08\/freecompress-alban-63-1-1024x683.jpg\" srcset=\"https:\/\/leconfitdascain.fr\/wp-content\/uploads\/2024\/08\/freecompress-alban-63-1-1024x683.jpg 1024w, https:\/\/leconfitdascain.fr\/wp-content\/uploads\/2024\/08\/freecompress-alban-63-1-300x200.jpg 300w, https:\/\/leconfitdascain.fr\/wp-content\/uploads\/2024\/08\/freecompress-alban-63-1-768x512.jpg 768w, https:\/\/leconfitdascain.fr\/wp-content\/uploads\/2024\/08\/freecompress-alban-63-1-1536x1024.jpg 1536w, https:\/\/leconfitdascain.fr\/wp-content\/uploads\/2024\/08\/freecompress-alban-63-1-2048x1365.jpg 2048w, https:\/\/leconfitdascain.fr\/wp-content\/uploads\/2024\/08\/freecompress-alban-63-1-600x400.jpg 600w\" sizes=\"auto, (max-width: 1024px) 100vw, 1024px\" \/><\/figure><\/li><li class=\"wp-block-jetpack-slideshow_slide swiper-slide\"><figure><img loading=\"lazy\" decoding=\"async\" width=\"1024\" height=\"683\" alt=\"\" class=\"wp-block-jetpack-slideshow_image wp-image-525\" data-id=\"525\" src=\"https:\/\/leconfitdascain.fr\/wp-content\/uploads\/2024\/08\/alban-15-1-1024x683.jpg\" srcset=\"https:\/\/leconfitdascain.fr\/wp-content\/uploads\/2024\/08\/alban-15-1-1024x683.jpg 1024w, https:\/\/leconfitdascain.fr\/wp-content\/uploads\/2024\/08\/alban-15-1-300x200.jpg 300w, https:\/\/leconfitdascain.fr\/wp-content\/uploads\/2024\/08\/alban-15-1-768x512.jpg 768w, https:\/\/leconfitdascain.fr\/wp-content\/uploads\/2024\/08\/alban-15-1-1536x1024.jpg 1536w, https:\/\/leconfitdascain.fr\/wp-content\/uploads\/2024\/08\/alban-15-1-2048x1365.jpg 2048w, https:\/\/leconfitdascain.fr\/wp-content\/uploads\/2024\/08\/alban-15-1-600x400.jpg 600w\" sizes=\"auto, (max-width: 1024px) 100vw, 1024px\" \/><\/figure><\/li><li class=\"wp-block-jetpack-slideshow_slide swiper-slide\"><figure><img loading=\"lazy\" decoding=\"async\" width=\"1024\" height=\"683\" alt=\"\" class=\"wp-block-jetpack-slideshow_image wp-image-526\" data-id=\"526\" src=\"https:\/\/leconfitdascain.fr\/wp-content\/uploads\/2024\/08\/alban-5-1-1024x683.jpg\" srcset=\"https:\/\/leconfitdascain.fr\/wp-content\/uploads\/2024\/08\/alban-5-1-1024x683.jpg 1024w, https:\/\/leconfitdascain.fr\/wp-content\/uploads\/2024\/08\/alban-5-1-300x200.jpg 300w, https:\/\/leconfitdascain.fr\/wp-content\/uploads\/2024\/08\/alban-5-1-768x512.jpg 768w, https:\/\/leconfitdascain.fr\/wp-content\/uploads\/2024\/08\/alban-5-1-1536x1024.jpg 1536w, https:\/\/leconfitdascain.fr\/wp-content\/uploads\/2024\/08\/alban-5-1-2048x1366.jpg 2048w, https:\/\/leconfitdascain.fr\/wp-content\/uploads\/2024\/08\/alban-5-1-600x400.jpg 600w\" sizes=\"auto, (max-width: 1024px) 100vw, 1024px\" \/><\/figure><\/li><\/ul><a class=\"wp-block-jetpack-slideshow_button-prev swiper-button-prev swiper-button-white\" role=\"button\"><\/a><a class=\"wp-block-jetpack-slideshow_button-next swiper-button-next swiper-button-white\" role=\"button\"><\/a><a aria-label=\"Pause Slideshow\" class=\"wp-block-jetpack-slideshow_button-pause\" role=\"button\"><\/a><div class=\"wp-block-jetpack-slideshow_pagination swiper-pagination swiper-pagination-white\"><\/div><\/div><\/div>\n\n\n\n<p><\/p>\n","protected":false},"excerpt":{"rendered":"<p>Pour toute commande pass\u00e9e apr\u00e8s le 15 d\u00e9cembre 2024, la livraison ne sera pas garantie pour No\u00ebl Livraison \u00e0 domicile FRANCE METROPOLITAINE UNIQUEMENT&nbsp; (pour l&rsquo;Europe, nous appeler)&nbsp;&#8211;&nbsp; 19 \u20ac TTC 7 jours ouvr\u00e9s apr\u00e8s confirmation de votre commande FRANCE METROPOLITAINE UNIQUEMENT&nbsp; Point relais 13 \u20ac TTC D\u00e9lais 7 jours ouvr\u00e9s apr\u00e8s confirmation de votre commande<\/p>\n","protected":false},"author":2,"featured_media":0,"parent":0,"menu_order":0,"comment_status":"closed","ping_status":"closed","template":"","meta":{"footnotes":""},"class_list":["post-521","page","type-page","status-publish","hentry"],"jetpack_sharing_enabled":true,"_links":{"self":[{"href":"https:\/\/leconfitdascain.fr\/index.php?rest_route=\/wp\/v2\/pages\/521","targetHints":{"allow":["GET"]}}],"collection":[{"href":"https:\/\/leconfitdascain.fr\/index.php?rest_route=\/wp\/v2\/pages"}],"about":[{"href":"https:\/\/leconfitdascain.fr\/index.php?rest_route=\/wp\/v2\/types\/page"}],"author":[{"embeddable":true,"href":"https:\/\/leconfitdascain.fr\/index.php?rest_route=\/wp\/v2\/users\/2"}],"replies":[{"embeddable":true,"href":"https:\/\/leconfitdascain.fr\/index.php?rest_route=%2Fwp%2Fv2%2Fcomments&post=521"}],"version-history":[{"count":5,"href":"https:\/\/leconfitdascain.fr\/index.php?rest_route=\/wp\/v2\/pages\/521\/revisions"}],"predecessor-version":[{"id":711,"href":"https:\/\/leconfitdascain.fr\/index.php?rest_route=\/wp\/v2\/pages\/521\/revisions\/711"}],"wp:attachment":[{"href":"https:\/\/leconfitdascain.fr\/index.php?rest_route=%2Fwp%2Fv2%2Fmedia&parent=521"}],"curies":[{"name":"wp","href":"https:\/\/api.w.org\/{rel}","templated":true}]}}