{"id":503,"date":"2024-08-22T11:52:24","date_gmt":"2024-08-22T09:52:24","guid":{"rendered":"http:\/\/leconfitdascain.fr\/?page_id=503"},"modified":"2024-08-25T17:00:52","modified_gmt":"2024-08-25T15:00:52","slug":"nos-medailles","status":"publish","type":"page","link":"https:\/\/leconfitdascain.fr\/?page_id=503","title":{"rendered":"Nos m\u00e9daill\u00e9s"},"content":{"rendered":"\n<div class=\"wp-block-group alignwide has-global-padding is-layout-constrained wp-block-group-is-layout-constrained\">\n<h3 class=\"wp-block-heading alignwide has-text-align-center has-medium-font-size\" style=\"line-height:1.2\">Depuis sa cr\u00e9ation, le Concours G\u00e9n\u00e9ral Agricole r\u00e9compense et valorise les meilleurs produits du terroir fran\u00e7ais en d\u00e9cernant chaque ann\u00e9e, des m\u00e9dailles d\u2019or, d\u2019argent ou de bronze. Il encourage les producteurs, soutient leur d\u00e9veloppement \u00e9conomique, contribue \u00e0 la formation des futurs professionnels et fournit aux consommateurs des rep\u00e8res pour les aider dans leur choix.<\/h3>\n<\/div>\n\n\n\n<figure class=\"wp-block-gallery has-nested-images columns-default is-cropped wp-block-gallery-1 is-layout-flex wp-block-gallery-is-layout-flex\"><\/figure>\n\n\n<div class=\"woocommerce columns-3 \"><ul class=\"products columns-3\">\n<li class=\"product type-product post-137 status-publish first instock product_cat-foie-gras product_cat-foie-gras-longue-conservation product_cat-medailles has-post-thumbnail taxable shipping-taxable purchasable product-type-simple\">\n\t<a href=\"https:\/\/leconfitdascain.fr\/?product=foie-gras-entier-180-gr-bocal-longue-conservation\" class=\"woocommerce-LoopProduct-link woocommerce-loop-product__link\"><img loading=\"lazy\" decoding=\"async\" width=\"300\" height=\"300\" src=\"https:\/\/leconfitdascain.fr\/wp-content\/uploads\/2024\/11\/518183715_1934624440623577_359025855750843344_n-300x300.jpg\" class=\"attachment-woocommerce_thumbnail size-woocommerce_thumbnail\" alt=\"Foie gras de canard entier 180 gr, bocal longue conservation ; M\u00e9daille de Bronze au Concours G\u00e9n\u00e9ral Agricole 2023, 2024 et 2025\" srcset=\"https:\/\/leconfitdascain.fr\/wp-content\/uploads\/2024\/11\/518183715_1934624440623577_359025855750843344_n-300x300.jpg 300w, https:\/\/leconfitdascain.fr\/wp-content\/uploads\/2024\/11\/518183715_1934624440623577_359025855750843344_n-150x150.jpg 150w, https:\/\/leconfitdascain.fr\/wp-content\/uploads\/2024\/11\/518183715_1934624440623577_359025855750843344_n-100x100.jpg 100w\" sizes=\"auto, (max-width: 300px) 100vw, 300px\" \/><h2 class=\"woocommerce-loop-product__title\">Foie gras de canard entier 180 gr, bocal longue conservation ; M\u00e9daille de Bronze au Concours G\u00e9n\u00e9ral Agricole 2023, 2024 et 2025<\/h2>\n\t<span class=\"price\"><span class=\"woocommerce-Price-amount amount\"><bdi>25,60&nbsp;<span class=\"woocommerce-Price-currencySymbol\">&euro;<\/span><\/bdi><\/span><\/span>\n<\/a><a href=\"\/index.php?rest_route=%2Fwp%2Fv2%2Fpages%2F503&#038;add-to-cart=137\" aria-describedby=\"woocommerce_loop_add_to_cart_link_describedby_137\" data-quantity=\"1\" class=\"button wp-element-button product_type_simple add_to_cart_button ajax_add_to_cart\" data-product_id=\"137\" data-product_sku=\"\" aria-label=\"Ajouter au panier\u00a0: &ldquo;Foie gras de canard entier 180 gr, bocal longue conservation ; M\u00e9daille de Bronze au Concours G\u00e9n\u00e9ral Agricole 2023, 2024 et 2025&rdquo;\" rel=\"nofollow\" data-success_message=\"\u00ab\u00a0Foie gras de canard entier 180 gr, bocal longue conservation ; M\u00e9daille de Bronze au Concours G\u00e9n\u00e9ral Agricole 2023, 2024 et 2025\u00a0\u00bb a \u00e9t\u00e9 ajout\u00e9 \u00e0 votre panier\" role=\"button\">Ajouter au panier<\/a>\t<span id=\"woocommerce_loop_add_to_cart_link_describedby_137\" class=\"screen-reader-text\">\n\t\t\t<\/span>\n<\/li>\n<li class=\"product type-product post-151 status-publish instock product_cat-foie-gras product_cat-foie-gras-longue-conservation product_cat-medailles has-post-thumbnail taxable shipping-taxable purchasable product-type-simple\">\n\t<a href=\"https:\/\/leconfitdascain.fr\/?product=foie-gras-entier-190gr-boite-longue-conservation\" class=\"woocommerce-LoopProduct-link woocommerce-loop-product__link\"><img loading=\"lazy\" decoding=\"async\" width=\"300\" height=\"300\" src=\"https:\/\/leconfitdascain.fr\/wp-content\/uploads\/2024\/11\/518104075_2140643299743826_7843474852412357741_n-300x300.jpg\" class=\"attachment-woocommerce_thumbnail size-woocommerce_thumbnail\" alt=\"Foie gras de canard entier 190gr boite longue conservation ; M\u00e9daille de Bronze au Concours G\u00e9n\u00e9ral Agricole 2023, 2024 et 2025\" srcset=\"https:\/\/leconfitdascain.fr\/wp-content\/uploads\/2024\/11\/518104075_2140643299743826_7843474852412357741_n-300x300.jpg 300w, https:\/\/leconfitdascain.fr\/wp-content\/uploads\/2024\/11\/518104075_2140643299743826_7843474852412357741_n-150x150.jpg 150w, https:\/\/leconfitdascain.fr\/wp-content\/uploads\/2024\/11\/518104075_2140643299743826_7843474852412357741_n-100x100.jpg 100w\" sizes=\"auto, (max-width: 300px) 100vw, 300px\" \/><h2 class=\"woocommerce-loop-product__title\">Foie gras de canard entier 190gr boite longue conservation ; M\u00e9daille de Bronze au Concours G\u00e9n\u00e9ral Agricole 2023, 2024 et 2025<\/h2>\n\t<span class=\"price\"><span class=\"woocommerce-Price-amount amount\"><bdi>25,60&nbsp;<span class=\"woocommerce-Price-currencySymbol\">&euro;<\/span><\/bdi><\/span><\/span>\n<\/a><a href=\"\/index.php?rest_route=%2Fwp%2Fv2%2Fpages%2F503&#038;add-to-cart=151\" aria-describedby=\"woocommerce_loop_add_to_cart_link_describedby_151\" data-quantity=\"1\" class=\"button wp-element-button product_type_simple add_to_cart_button ajax_add_to_cart\" data-product_id=\"151\" data-product_sku=\"\" aria-label=\"Ajouter au panier\u00a0: &ldquo;Foie gras de canard entier 190gr boite longue conservation ; M\u00e9daille de Bronze au Concours G\u00e9n\u00e9ral Agricole 2023, 2024 et 2025&rdquo;\" rel=\"nofollow\" data-success_message=\"\u00ab\u00a0Foie gras de canard entier 190gr boite longue conservation ; M\u00e9daille de Bronze au Concours G\u00e9n\u00e9ral Agricole 2023, 2024 et 2025\u00a0\u00bb a \u00e9t\u00e9 ajout\u00e9 \u00e0 votre panier\" role=\"button\">Ajouter au panier<\/a>\t<span id=\"woocommerce_loop_add_to_cart_link_describedby_151\" class=\"screen-reader-text\">\n\t\t\t<\/span>\n<\/li>\n<li class=\"product type-product post-139 status-publish last instock product_cat-foie-gras product_cat-foie-gras-longue-conservation product_cat-medailles has-post-thumbnail taxable shipping-taxable purchasable product-type-simple\">\n\t<a href=\"https:\/\/leconfitdascain.fr\/?product=foie-gras-entier-315-gr-bocal-longue-conservation\" class=\"woocommerce-LoopProduct-link woocommerce-loop-product__link\"><img loading=\"lazy\" decoding=\"async\" width=\"300\" height=\"300\" src=\"https:\/\/leconfitdascain.fr\/wp-content\/uploads\/2024\/11\/519461489_1676757096377081_849654422892802418_n-300x300.jpg\" class=\"attachment-woocommerce_thumbnail size-woocommerce_thumbnail\" alt=\"Foie gras de canard entier 315 gr, bocal longue conservation ; m\u00e9daille de bronze au Concours G\u00e9n\u00e9ral Agricole 2023, 2024 et 2025\" srcset=\"https:\/\/leconfitdascain.fr\/wp-content\/uploads\/2024\/11\/519461489_1676757096377081_849654422892802418_n-300x300.jpg 300w, https:\/\/leconfitdascain.fr\/wp-content\/uploads\/2024\/11\/519461489_1676757096377081_849654422892802418_n-150x150.jpg 150w, https:\/\/leconfitdascain.fr\/wp-content\/uploads\/2024\/11\/519461489_1676757096377081_849654422892802418_n-100x100.jpg 100w\" sizes=\"auto, (max-width: 300px) 100vw, 300px\" \/><h2 class=\"woocommerce-loop-product__title\">Foie gras de canard entier 315 gr, bocal longue conservation ; m\u00e9daille de bronze au Concours G\u00e9n\u00e9ral Agricole 2023, 2024 et 2025<\/h2>\n\t<span class=\"price\"><span class=\"woocommerce-Price-amount amount\"><bdi>39,90&nbsp;<span class=\"woocommerce-Price-currencySymbol\">&euro;<\/span><\/bdi><\/span><\/span>\n<\/a><a href=\"\/index.php?rest_route=%2Fwp%2Fv2%2Fpages%2F503&#038;add-to-cart=139\" aria-describedby=\"woocommerce_loop_add_to_cart_link_describedby_139\" data-quantity=\"1\" class=\"button wp-element-button product_type_simple add_to_cart_button ajax_add_to_cart\" data-product_id=\"139\" data-product_sku=\"\" aria-label=\"Ajouter au panier\u00a0: &ldquo;Foie gras de canard entier 315 gr, bocal longue conservation ; m\u00e9daille de bronze au Concours G\u00e9n\u00e9ral Agricole 2023, 2024 et 2025&rdquo;\" rel=\"nofollow\" data-success_message=\"\u00ab\u00a0Foie gras de canard entier 315 gr, bocal longue conservation ; m\u00e9daille de bronze au Concours G\u00e9n\u00e9ral Agricole 2023, 2024 et 2025\u00a0\u00bb a \u00e9t\u00e9 ajout\u00e9 \u00e0 votre panier\" role=\"button\">Ajouter au panier<\/a>\t<span id=\"woocommerce_loop_add_to_cart_link_describedby_139\" class=\"screen-reader-text\">\n\t\t\t<\/span>\n<\/li>\n<li class=\"product type-product post-135 status-publish first instock product_cat-foie-gras product_cat-foie-gras-longue-conservation product_cat-medailles has-post-thumbnail taxable shipping-taxable purchasable product-type-simple\">\n\t<a href=\"https:\/\/leconfitdascain.fr\/?product=foie-gras-entier-130-gr-bocal-longue-conservation\" class=\"woocommerce-LoopProduct-link woocommerce-loop-product__link\"><img loading=\"lazy\" decoding=\"async\" width=\"300\" height=\"300\" src=\"https:\/\/leconfitdascain.fr\/wp-content\/uploads\/2024\/11\/518183715_1934624440623577_359025855750843344_n-300x300.jpg\" class=\"attachment-woocommerce_thumbnail size-woocommerce_thumbnail\" alt=\"Foie gras de canard entier 90 gr bocal longue conservation ; m\u00e9daille de bronze au Concours G\u00e9n\u00e9ral Agricole 2023, 2024 et 2025\" srcset=\"https:\/\/leconfitdascain.fr\/wp-content\/uploads\/2024\/11\/518183715_1934624440623577_359025855750843344_n-300x300.jpg 300w, https:\/\/leconfitdascain.fr\/wp-content\/uploads\/2024\/11\/518183715_1934624440623577_359025855750843344_n-150x150.jpg 150w, https:\/\/leconfitdascain.fr\/wp-content\/uploads\/2024\/11\/518183715_1934624440623577_359025855750843344_n-100x100.jpg 100w\" sizes=\"auto, (max-width: 300px) 100vw, 300px\" \/><h2 class=\"woocommerce-loop-product__title\">Foie gras de canard entier 90 gr bocal longue conservation ; m\u00e9daille de bronze au Concours G\u00e9n\u00e9ral Agricole 2023, 2024 et 2025<\/h2>\n\t<span class=\"price\"><span class=\"woocommerce-Price-amount amount\"><bdi>16,50&nbsp;<span class=\"woocommerce-Price-currencySymbol\">&euro;<\/span><\/bdi><\/span><\/span>\n<\/a><a href=\"\/index.php?rest_route=%2Fwp%2Fv2%2Fpages%2F503&#038;add-to-cart=135\" aria-describedby=\"woocommerce_loop_add_to_cart_link_describedby_135\" data-quantity=\"1\" class=\"button wp-element-button product_type_simple add_to_cart_button ajax_add_to_cart\" data-product_id=\"135\" data-product_sku=\"\" aria-label=\"Ajouter au panier\u00a0: &ldquo;Foie gras de canard entier 90 gr bocal longue conservation ; m\u00e9daille de bronze au Concours G\u00e9n\u00e9ral Agricole 2023, 2024 et 2025&rdquo;\" rel=\"nofollow\" data-success_message=\"\u00ab\u00a0Foie gras de canard entier 90 gr bocal longue conservation ; m\u00e9daille de bronze au Concours G\u00e9n\u00e9ral Agricole 2023, 2024 et 2025\u00a0\u00bb a \u00e9t\u00e9 ajout\u00e9 \u00e0 votre panier\" role=\"button\">Ajouter au panier<\/a>\t<span id=\"woocommerce_loop_add_to_cart_link_describedby_135\" class=\"screen-reader-text\">\n\t\t\t<\/span>\n<\/li>\n<li class=\"product type-product post-719 status-publish instock product_cat-foie-gras-mi-cuit product_cat-medailles has-post-thumbnail taxable shipping-taxable purchasable product-type-simple\">\n\t<a href=\"https:\/\/leconfitdascain.fr\/?product=foie-gras-de-canard-au-torchon-piment-despelette-300g-medaille-dargent-2023-et-medaille-dor-2024\" class=\"woocommerce-LoopProduct-link woocommerce-loop-product__link\"><img loading=\"lazy\" decoding=\"async\" width=\"300\" height=\"300\" src=\"https:\/\/leconfitdascain.fr\/wp-content\/uploads\/2024\/10\/mi-cuit-piment-300x300.jpg\" class=\"attachment-woocommerce_thumbnail size-woocommerce_thumbnail\" alt=\"Foie gras de canard entier mi-cuit au torchon, Piment d&#039;Espelette 350g m\u00e9daille d&#039;argent 2023 et m\u00e9daille d&#039;or 2024\" srcset=\"https:\/\/leconfitdascain.fr\/wp-content\/uploads\/2024\/10\/mi-cuit-piment-300x300.jpg 300w, https:\/\/leconfitdascain.fr\/wp-content\/uploads\/2024\/10\/mi-cuit-piment-150x150.jpg 150w, https:\/\/leconfitdascain.fr\/wp-content\/uploads\/2024\/10\/mi-cuit-piment-100x100.jpg 100w\" sizes=\"auto, (max-width: 300px) 100vw, 300px\" \/><h2 class=\"woocommerce-loop-product__title\">Foie gras de canard entier mi-cuit au torchon, Piment d&rsquo;Espelette 350g m\u00e9daille d&rsquo;argent 2023 et m\u00e9daille d&rsquo;or 2024<\/h2>\n\t<span class=\"price\"><span class=\"woocommerce-Price-amount amount\"><bdi>47,60&nbsp;<span class=\"woocommerce-Price-currencySymbol\">&euro;<\/span><\/bdi><\/span><\/span>\n<\/a><a href=\"\/index.php?rest_route=%2Fwp%2Fv2%2Fpages%2F503&#038;add-to-cart=719\" aria-describedby=\"woocommerce_loop_add_to_cart_link_describedby_719\" data-quantity=\"1\" class=\"button wp-element-button product_type_simple add_to_cart_button ajax_add_to_cart\" data-product_id=\"719\" data-product_sku=\"\" aria-label=\"Ajouter au panier\u00a0: &ldquo;Foie gras de canard entier mi-cuit au torchon, Piment d&#039;Espelette 350g m\u00e9daille d&#039;argent 2023 et m\u00e9daille d&#039;or 2024&rdquo;\" rel=\"nofollow\" data-success_message=\"\u00ab\u00a0Foie gras de canard entier mi-cuit au torchon, Piment d&#039;Espelette 350g m\u00e9daille d&#039;argent 2023 et m\u00e9daille d&#039;or 2024\u00a0\u00bb a \u00e9t\u00e9 ajout\u00e9 \u00e0 votre panier\" role=\"button\">Ajouter au panier<\/a>\t<span id=\"woocommerce_loop_add_to_cart_link_describedby_719\" class=\"screen-reader-text\">\n\t\t\t<\/span>\n<\/li>\n<li class=\"product type-product post-721 status-publish last instock product_cat-foie-gras-mi-cuit product_cat-medailles has-post-thumbnail taxable shipping-taxable purchasable product-type-simple\">\n\t<a href=\"https:\/\/leconfitdascain.fr\/?product=foie-gras-de-canard-au-torchon-piment-despelette-180g-medaille-dargent-2023-et-medaille-dor-2024\" class=\"woocommerce-LoopProduct-link woocommerce-loop-product__link\"><img loading=\"lazy\" decoding=\"async\" width=\"300\" height=\"300\" src=\"https:\/\/leconfitdascain.fr\/wp-content\/uploads\/2024\/10\/mi-cuit-piment-300x300.jpg\" class=\"attachment-woocommerce_thumbnail size-woocommerce_thumbnail\" alt=\"Foie gras de canard entier mi-cuit au torchon, Piment d\u2019Espelette 180g, m\u00e9daille d\u2019argent 2023 et m\u00e9daille d\u2019or 2024\" srcset=\"https:\/\/leconfitdascain.fr\/wp-content\/uploads\/2024\/10\/mi-cuit-piment-300x300.jpg 300w, https:\/\/leconfitdascain.fr\/wp-content\/uploads\/2024\/10\/mi-cuit-piment-150x150.jpg 150w, https:\/\/leconfitdascain.fr\/wp-content\/uploads\/2024\/10\/mi-cuit-piment-100x100.jpg 100w\" sizes=\"auto, (max-width: 300px) 100vw, 300px\" \/><h2 class=\"woocommerce-loop-product__title\">Foie gras de canard entier mi-cuit au torchon, Piment d\u2019Espelette 180g, m\u00e9daille d\u2019argent 2023 et m\u00e9daille d\u2019or 2024<\/h2>\n\t<span class=\"price\"><span class=\"woocommerce-Price-amount amount\"><bdi>24,60&nbsp;<span class=\"woocommerce-Price-currencySymbol\">&euro;<\/span><\/bdi><\/span><\/span>\n<\/a><a href=\"\/index.php?rest_route=%2Fwp%2Fv2%2Fpages%2F503&#038;add-to-cart=721\" aria-describedby=\"woocommerce_loop_add_to_cart_link_describedby_721\" data-quantity=\"1\" class=\"button wp-element-button product_type_simple add_to_cart_button ajax_add_to_cart\" data-product_id=\"721\" data-product_sku=\"\" aria-label=\"Ajouter au panier\u00a0: &ldquo;Foie gras de canard entier mi-cuit au torchon, Piment d\u2019Espelette 180g, m\u00e9daille d\u2019argent 2023 et m\u00e9daille d\u2019or 2024&rdquo;\" rel=\"nofollow\" data-success_message=\"\u00ab\u00a0Foie gras de canard entier mi-cuit au torchon, Piment d\u2019Espelette 180g, m\u00e9daille d\u2019argent 2023 et m\u00e9daille d\u2019or 2024\u00a0\u00bb a \u00e9t\u00e9 ajout\u00e9 \u00e0 votre panier\" role=\"button\">Ajouter au panier<\/a>\t<span id=\"woocommerce_loop_add_to_cart_link_describedby_721\" class=\"screen-reader-text\">\n\t\t\t<\/span>\n<\/li>\n<\/ul>\n<\/div>\n","protected":false},"excerpt":{"rendered":"<p>Depuis sa cr\u00e9ation, le Concours G\u00e9n\u00e9ral Agricole r\u00e9compense et valorise les meilleurs produits du terroir fran\u00e7ais en d\u00e9cernant chaque ann\u00e9e, des m\u00e9dailles d\u2019or, d\u2019argent ou de bronze. Il encourage les producteurs, soutient leur d\u00e9veloppement \u00e9conomique, contribue \u00e0 la formation des futurs professionnels et fournit aux consommateurs des rep\u00e8res pour les aider dans leur choix.<\/p>\n","protected":false},"author":2,"featured_media":0,"parent":0,"menu_order":0,"comment_status":"closed","ping_status":"closed","template":"","meta":{"footnotes":""},"class_list":["post-503","page","type-page","status-publish","hentry"],"jetpack_sharing_enabled":true,"_links":{"self":[{"href":"https:\/\/leconfitdascain.fr\/index.php?rest_route=\/wp\/v2\/pages\/503","targetHints":{"allow":["GET"]}}],"collection":[{"href":"https:\/\/leconfitdascain.fr\/index.php?rest_route=\/wp\/v2\/pages"}],"about":[{"href":"https:\/\/leconfitdascain.fr\/index.php?rest_route=\/wp\/v2\/types\/page"}],"author":[{"embeddable":true,"href":"https:\/\/leconfitdascain.fr\/index.php?rest_route=\/wp\/v2\/users\/2"}],"replies":[{"embeddable":true,"href":"https:\/\/leconfitdascain.fr\/index.php?rest_route=%2Fwp%2Fv2%2Fcomments&post=503"}],"version-history":[{"count":3,"href":"https:\/\/leconfitdascain.fr\/index.php?rest_route=\/wp\/v2\/pages\/503\/revisions"}],"predecessor-version":[{"id":539,"href":"https:\/\/leconfitdascain.fr\/index.php?rest_route=\/wp\/v2\/pages\/503\/revisions\/539"}],"wp:attachment":[{"href":"https:\/\/leconfitdascain.fr\/index.php?rest_route=%2Fwp%2Fv2%2Fmedia&parent=503"}],"curies":[{"name":"wp","href":"https:\/\/api.w.org\/{rel}","templated":true}]}}